0)?
7
Let o(m) = m**3 + 12*m**2 + 57*m + 649. Determine o(-13).
-261
Let x(r) = 5*r**2 - 2689*r + 16169. Determine x(6).
215
Let l(f) = 423*f - 8705. Calculate l(21).
178
Let c(v) = 1869*v + 4139. Determine c(-2).
401
Let y(q) = 53*q + 3470. Determine y(-75).
-505
Let d(a) = -16*a**3 - 208*a**2 - 38*a - 478. Give d(-13).
16
Let p(a) = -4332*a**2 + 25988*a + 18. Give p(6).
-6
Let l(m) = m**3 - 30*m**2 + 152*m + 199. Determine l(23).
-8
Let y(i) = 2*i**2 - 3804*i + 916359. Give y(283).
5
Let g(j) = -23700*j - 118487. Give g(-5).
13
Let h(v) = 244*v + 4656. Give h(-19).
20
Let m(z) = z**3 + z**2 - 117*z + 18. What is m(0)?
18
Let d(s) = -189*s**2 - 3780*s - 29. What is d(-20)?
-29
Let s(i) = -32*i**2 + 236*i - 364. Calculate s(7).
-280
Let t(h) = -3*h**3 - 179*h**2 + 516*h + 5079. Calculate t(-62).
-5
Let r(c) = -18*c**2 - 17*c - 13. Give r(-9).
-1318
Let j(t) = 1783*t - 11862. Determine j(5).
-2947
Let a(w) = 180*w - 4036. What is a(23)?
104
Let j(n) = -102618*n + 615651. Calculate j(6).
-57
Let n(d) = 17*d**3 - 4*d**2 - 64*d - 82. Calculate n(-4).
-978
Let r(i) = -647*i - 62146. Determine r(-94).
-1328
Let u(r) = -38839*r + 699077. Determine u(18).
-25
Let y(z) = -3*z**2 - 1109*z - 5479. Calculate y(-5).
-9
Let n(k) = 69*k**3 + 348*k**2 + 6*k - 39. Give n(-5).
6
Let j(k) = -2*k**2 - 103*k + 3499. Determine j(-75).
-26
Let j(b) = -2*b**2 - 873*b + 220353. What is j(179)?
4
Let h(g) = 1104*g - 437200. Determine h(396).
-16
Let z(g) = -13289*g + 624075. Determine z(47).
-508
Let w(d) = -311767*d + 23070746. Calculate w(74).
-12
Let d(k) = -386394*k + 4250324. Calculate d(11).
-10
Let h(s) = -s**3 - 37*s**2 - 118*s - 583. Give h(-34).
-39
Let k(n) = 1419*n - 25655. Determine k(18).
-113
Let z(n) = 69*n**2 - 2217*n + 13464. Give z(24).
0
Let l(g) = 1876*g**2 + 35*g - 31. Give l(1).
1880
Let h(p) = -96*p + 1391. What is h(13)?
143
Let k(q) = -q**2 - 710*q + 7158. Determine k(10).
-42
Let a(d) = 6066*d - 121317. Determine a(20).
3
Let a(l) = 7*l**2 + 244172*l - 488353. Calculate a(2).
19
Let h(p) = -43*p**2 + 260*p + 1330. Calculate h(-5).
-1045
Let l(t) = -4390*t + 74554. Determine l(17).
-76
Let z(p) = -3036*p - 5742. Determine z(-2).
330
Let r(v) = -621*v + 55. Calculate r(0).
55
Let l(r) = -8*r**2 - 780*r - 3189. What is l(-4)?
-197
Let m(c) = -192*c + 201. Determine m(8).
-1335
Let g(n) = -2*n**3 + 22*n**2 + 69*n - 902. Determine g(10).
-12
Let b(v) = -9057*v + 53200. Determine b(6).
-1142
Let m(u) = -3*u**2 + 35420*u - 2. Determine m(0).
-2
Let t(m) = -m**3 - 98*m**2 + 1469*m - 345. Calculate t(13).
-7
Let t(u) = 3773*u - 275332. What is t(73)?
97
Let l(o) = -3048*o - 3240. Determine l(-1).
-192
Let f(h) = -h**2 - 1396*h + 289220. Give f(184).
-1500
Let d(w) = 281*w**2 - 74184*w - 447. Determine d(264).
-447
Let a(f) = -7*f**2 + 247*f + 203. What is a(36)?
23
Let j(x) = -x**2 - 44845*x + 5305679. Determine j(118).
45
Let b(z) = z**3 + 153*z**2 - 4251*z - 517. Calculate b(-177).
14
Let y(s) = 99*s**2 - 12562*s - 1207. Give y(127).
190
Let p(u) = 79*u**3 - 7*u**2 - 35*u - 53. What is p(-2)?
-643
Let t(i) = -2*i**3 - 404*i**2 + 369*i - 7519. Determine t(-203).
-8
Let w(z) = 11396*z + 79896. What is w(-7)?
124
Let j(y) = 7*y**3 - 76*y**2 - 38*y + 291. Give j(11).
-6
Let r(s) = 954*s - 370159. Give r(388).
-7
Let h(z) = z**3 + 119*z**2 + 343*z + 894. What is h(-116)?
1474
Let q(t) = -134*t + 636. Calculate q(-11).
2110
Let z(p) = 33*p**2 - 7648*p + 51924. What is z(7)?
5
Let s(g) = 60*g**2 - 836*g - 10524. Calculate s(-8).
4
Let w(c) = -2*c**3 - c + 4. Determine w(0).
4
Let f(i) = 365*i - 74028. Calculate f(214).
4082
Let c(d) = -82*d + 2829. Determine c(34).
41
Let b(i) = -i**2 - 1825*i + 16571. Determine b(9).
65
Let m(j) = 14262*j - 57400. Give m(4).
-352
Let k(a) = a**3 + 21*a**2 - 112*a + 114. Give k(-19).
2964
Let l(d) = 5422*d + 146396. Calculate l(-27).
2
Let k(s) = -245*s + 107465. Give k(439).
-90
Let y(t) = -2*t**2 + 131*t - 1224. Calculate y(39).
843
Let n(d) = 4*d**2 + 725*d - 3521. Calculate n(-186).
13
Let r(k) = -8802*k - 184832. What is r(-21)?
10
Let b(r) = -4*r**3 + 22*r**2 - 115*r + 39. Determine b(9).
-2130
Let r(v) = 26*v**2 - 409*v + 3670. What is r(9)?
2095
Let l(r) = r**3 + 21*r**2 - 80*r + 11. What is l(-23)?
793
Let q(s) = s**3 + 15*s**2 + 72*s + 615. Calculate q(-13).
17
Let l(h) = h**2 + 7972*h + 63625. Calculate l(-8).
-87
Let t(f) = 62*f**2 + 338*f - 613. What is t(-7)?
59
Let l(i) = i**3 + 444*i**2 + 13030*i + 7037. Calculate l(-31).
0
Let d(x) = 995*x - 1471. Give d(3).
1514
Let m(g) = -2*g**2 + 167*g + 1116. Determine m(58).
4074
Let q(a) = a**3 + 35*a**2 - 1643*a - 52636. Determine q(-29).
57
Let t(u) = -3*u**3 - 136*u**2 + 873*u + 119. What is t(-51)?
-187
Let c(s) = -s**2 + 1649*s - 401546. Give c(297).
-2
Let z(m) = -8*m**3 + 308*m**2 + 24*m - 6694. Calculate z(38).
-6
Let m(h) = 47*h**2 + 1895*h + 3771. Give m(-2).
169
Let x(v) = v**3 + 140*v**2 - 2505*v - 1402. Give x(-156).
2
Let r(i) = -i**3 + 11*i**2 - 2675*i + 18543. Determine r(7).
14
Let p(o) = 2*o**2 + 3244*o + 243168. Give p(-79).
-626
Let k(z) = -z**3 + 147*z**2 - 105*z + 13565. Determine k(147).
-1870
Let b(c) = 183*c - 118. What is b(11)?
1895
Let f(y) = 6*y**2 + 20*y + 101. What is f(-5)?
151
Let m(s) = 2*s**3 - 76*s**2 + 303*s - 6099. Determine m(36).
-375
Let a(l) = l**3 - 12*l**2 + 1048*l + 14314. Calculate a(-11).
3
Let w(k) = -310*k**2 + 1829*k + 101. Determine w(6).
-85
Let l(t) = 6*t**3 + 45*t**2 - 41*t + 3382. Give l(-12).
-14
Let y(h) = -h**3 + 333*h**2 + 690*h - 339313. Calculate y(332).
-9
Let t(r) = 4*r**3 + 2*r**2 - 278*r + 1120. Give t(4).
296
Let f(o) = -25308*o + 2151186. What is f(85)?
6
Let y(f) = 5*f**2 - 317*f + 2478. Determine y(8).
262
Let g(u) = -1202*u + 25268. What is g(21)?
26
Let j(t) = 1208*t - 3953. Determine j(3).
-329
Let a(m) = -305*m - 64344. Give a(-201).
-3039
Let f(p) = -5*p**3 - 33*p**2 - 228*p - 795. Determine f(-4).
-91
Let m(k) = -42153*k - 674424. Determine m(-16).
24
Let r(f) = -683*f + 2220. What is r(3)?
171
Let h(u) = -u**3 - 64*u**2 + 545*u + 250. What is h(8)?
2
Let l(q) = 2*q**2 + 164*q + 3089. Give l(-53).
15
Let o(c) = 19*c**2 + 1391*c + 4149. Determine o(-3).
147
Let w(j) = -10*j**2 + 80*j + 75. Calculate w(8).
75
Let j(w) = -33*w**2 + 2882*w + 1930. Give j(88).
-6
Let c(z) = 32318*z - 10697257. Give c(331).
1
Let t(x) = 3*x**3 + 253*x - 773. Calculate t(3).
67
Let t(g) = -g**2 - 33188*g - 232233. What is t(-7)?
34
Let p(j) = -j**3 + 44*j**2 + 790*j - 24622. What is p(50)?
-122
Let u(z) = 2*z**3 + 1364*z**2 + 9427*z - 15524. Give u(-675).
1
Let s(q) = -10220*q - 81486. Give s(-8).
274
Let a(b) = -729338*b - 53241675. Give a(-73).
-1
Let r(z) = -5*z**2 + 158*z + 84. Give r(19).
1281
Let s(n) = 675*n - 341564. What is s(506)?
-14
Let z(m) = m**3 + 57*m**2 - 5670*m - 222. What is z(-109)?
-4
Let z(u) = u**3 + 18*u**2 + 52*u - 51. Calculate z(-14).
5
Let n(b) = b**3 - 32*b**2 - 230*b + 1689. Calculate n(37).
24
Let l(w) = -w**3 - 253*w**2 + 44*w + 11151. Determine l(-253).
19
Let c(a) = 2*a**2 + 309*a + 1508. Determine c(-5).
13
Let y(f) = 49329*f + 294187. Determine y(-6).
-1787
Let t(x) = -8*x**2 - 432*x - 4834. Determine t(-18).
350
Let l(b) = 5*b**2 - 95*b - 818. Give l(30).
832
Let g(q) = 14191*q - 14366. What is g(1)?
-175
Let h(w) = w**3 - 6*w**2 - 4969*w - 4671. Give h(74).
-9
Let m(r) = 576*r - 158387. Calculate m(275).
13
Let q(d) = 15941*d - 430411. Determine q(27).
-4
Let m(j) = -j**2 + 681*j + 2051. What is m(-3)?
-1
Let r(i) = -613717*i + 25776108. Calculate r(42).
-6
Let h(s) = -66*s**3 - 990*s**2 + 596*s + 8943. What is h(-15)?
3
Let p(f) = 27*f**3 - 176*f**2 - 92*f + 30. What is p(7)?
23
Let d(b) = -6647*b - 26480. What is d(-4)?
108
Let b(h) = 49*h**3 + 5*h**2 + 3*h + 6. Give b(-2).
-372
Let d(f) = -2582*f + 10333. Calculate d(4).
5
Let r(y) = -35929*y + 395211. Determine r(11).
-8
Let s(w) = w**3 - 29*w**2 - 49*w + 2187. Calculate s(28).
31
Let a(k) = -53701*k + 53722. Give a(1).
21
Let p(a) = -a**2 + 63*a + 3951. Determine p(-35).
521
Let l(r) = -233*r**2 - 58016*r + 267. What is l(-249)?
18
Let w(h) = -h**3 - 121*h**2 + 1581*h + 204123. What is w(-120)?
3
Let b(w) = -17*w**2 + 2713*w + 685. Calculate b(160).
-435
Let r(z) = 746901*z + 34357449. Give r(-46).
3
Let w(q) = -q**2 -